{"id":1903,"date":"2017-03-16T17:50:32","date_gmt":"2017-03-16T21:50:32","guid":{"rendered":"https:\/\/www.fredericdion.com\/porte-parole\/"},"modified":"2017-09-27T09:55:25","modified_gmt":"2017-09-27T13:55:25","slug":"spokesperson","status":"publish","type":"page","link":"https:\/\/www.fredericdion.com\/en\/who-is-fred-dion\/spokesperson\/","title":{"rendered":"Spokesperson"},"content":{"rendered":"<p><img loading=\"lazy\" decoding=\"async\" class=\"alignnone size-full wp-image-1871\" src=\"\/wp-content\/uploads\/2017\/03\/logo_operation_enfant_soleil.png\" alt=\"\" width=\"175\" height=\"110\" \/><\/p>\n<p>Over the past several years, Fr\u00e9d\u00e9ric has been supporting <a href=\"http:\/\/www.operationenfantsoleil.ca\/en\/1-home\" target=\"_blank\" rel=\"noopener\">Op\u00e9ration Enfant Soleil<\/a> through his adventures. From July 22 to August 5, 2017, he was the spokesperson for <a href=\"http:\/\/operationgroenland.com\/\" target=\"_blank\" rel=\"noopener\">Operation Greenland<\/a>. This first charity trip organised by Op\u00e9ration Enfant Soleil stemmed from an initiative as part of its 30th telethon, in collaboration with Karavaniers. This out of the ordinary expedition combined adventure and philanthropy, where the travellers kayaked through the Karale glaciers to the granite peaks of Storebror, where they then explored on foot. The original objective for this fundraiser was surpassed, in the end raising more than $103,000 thanks to committed participants, generous partners as well as donors. The registration for the 2nd edition, which will take place in 2019, are currently underway. To reserve your spot or for more information, contact Andreas Lazanis at <a href=\"mailto:alazanis@operationenfantsoleil.ca\">alazanis@operationenfantsoleil.ca<\/a> or 1-877-683-2325.<\/p>\n<p><img loading=\"lazy\" decoding=\"async\" class=\"alignnone size-medium wp-image-1881\" src=\"\/wp-content\/uploads\/2017\/03\/Photo-\u00c9quipe-Groenland-300x200.jpg\" alt=\"\" width=\"300\" height=\"200\" srcset=\"https:\/\/www.fredericdion.com\/wp-content\/uploads\/2017\/03\/Photo-\u00c9quipe-Groenland-300x200.jpg 300w, https:\/\/www.fredericdion.com\/wp-content\/uploads\/2017\/03\/Photo-\u00c9quipe-Groenland-600x400.jpg 600w, https:\/\/www.fredericdion.com\/wp-content\/uploads\/2017\/03\/Photo-\u00c9quipe-Groenland-768x512.jpg 768w, https:\/\/www.fredericdion.com\/wp-content\/uploads\/2017\/03\/Photo-\u00c9quipe-Groenland-780x520.jpg 780w, https:\/\/www.fredericdion.com\/wp-content\/uploads\/2017\/03\/Photo-\u00c9quipe-Groenland-400x267.jpg 400w, https:\/\/www.fredericdion.com\/wp-content\/uploads\/2017\/03\/Photo-\u00c9quipe-Groenland-340x227.jpg 340w, https:\/\/www.fredericdion.com\/wp-content\/uploads\/2017\/03\/Photo-\u00c9quipe-Groenland-200x133.jpg 200w, https:\/\/www.fredericdion.com\/wp-content\/uploads\/2017\/03\/Photo-\u00c9quipe-Groenland-360x240.jpg 360w, https:\/\/www.fredericdion.com\/wp-content\/uploads\/2017\/03\/Photo-\u00c9quipe-Groenland.jpg 960w\" sizes=\"auto, (max-width: 300px) 100vw, 300px\" \/><\/p>\n<p>Photo Credit: Vanessa Drolet<\/p>\n<p><img loading=\"lazy\" decoding=\"async\" class=\"size-medium wp-image-1882\" src=\"\/wp-content\/uploads\/2017\/03\/Fr\u00e9d\u00e9ric-Dion-Groenland-2017-300x169.jpg\" alt=\"\" width=\"300\" height=\"169\" srcset=\"https:\/\/www.fredericdion.com\/wp-content\/uploads\/2017\/03\/Fr\u00e9d\u00e9ric-Dion-Groenland-2017-300x169.jpg 300w, https:\/\/www.fredericdion.com\/wp-content\/uploads\/2017\/03\/Fr\u00e9d\u00e9ric-Dion-Groenland-2017-600x338.jpg 600w, https:\/\/www.fredericdion.com\/wp-content\/uploads\/2017\/03\/Fr\u00e9d\u00e9ric-Dion-Groenland-2017-768x432.jpg 768w, https:\/\/www.fredericdion.com\/wp-content\/uploads\/2017\/03\/Fr\u00e9d\u00e9ric-Dion-Groenland-2017-1024x576.jpg 1024w, https:\/\/www.fredericdion.com\/wp-content\/uploads\/2017\/03\/Fr\u00e9d\u00e9ric-Dion-Groenland-2017-780x439.jpg 780w, https:\/\/www.fredericdion.com\/wp-content\/uploads\/2017\/03\/Fr\u00e9d\u00e9ric-Dion-Groenland-2017-400x225.jpg 400w, https:\/\/www.fredericdion.com\/wp-content\/uploads\/2017\/03\/Fr\u00e9d\u00e9ric-Dion-Groenland-2017-340x191.jpg 340w, https:\/\/www.fredericdion.com\/wp-content\/uploads\/2017\/03\/Fr\u00e9d\u00e9ric-Dion-Groenland-2017-200x113.jpg 200w, https:\/\/www.fredericdion.com\/wp-content\/uploads\/2017\/03\/Fr\u00e9d\u00e9ric-Dion-Groenland-2017-360x203.jpg 360w\" sizes=\"auto, (max-width: 300px) 100vw, 300px\" \/><\/p>\n<p><a href=\"http:\/\/scoutsducanada.ca\/\" target=\"_blank\" rel=\"noopener\"><img loading=\"lazy\" decoding=\"async\" class=\"alignnone size-full wp-image-1410\" src=\"\/wp-content\/uploads\/2017\/03\/scouts.jpg\" alt=\"Scouts Canada\" width=\"250\" height=\"79\" \/><\/a><\/p>\n<p>Fr\u00e9d\u00e9ric is the ambassador for <a href=\"http:\/\/scoutsducanada.ca\/\" target=\"_blank\" rel=\"noopener\">Scouts Canada<\/a>.<\/p>\n<p>&nbsp;<\/p>\n","protected":false},"excerpt":{"rendered":"<p>Over the past several years, Fr\u00e9d\u00e9ric has been supporting Op\u00e9ration Enfant Soleil through his adventures. From July 22 to August 5, 2017, he was the&#8230; <\/p>\n<div><a href=\"https:\/\/www.fredericdion.com\/en\/who-is-fred-dion\/spokesperson\/\" class=\"btn btn-default\"><span class=\"btn-default__hover\">More<\/span><\/a><\/div>\n","protected":false},"author":1,"featured_media":0,"parent":1973,"menu_order":2,"comment_status":"closed","ping_status":"closed","template":"","meta":{"_acf_changed":false,"footnotes":""},"class_list":["post-1903","page","type-page","status-publish","hentry"],"acf":[],"yoast_head":"<!-- This site is optimized with the Yoast SEO plugin v27.5 - https:\/\/yoast.com\/product\/yoast-seo-wordpress\/ -->\n<title>Spokesperson - Fr\u00e9d\u00e9ric Dion, Adventures &amp; Conferences<\/title>\n<meta name=\"description\" content=\"Over the past several years, Fr\u00e9d\u00e9ric has been supporting Op\u00e9ration Enfant Soleil through his adventures. From July 22 to August 5, 2017, he was the\" \/>\n<meta name=\"robots\" content=\"index, follow, max-snippet:-1, max-image-preview:large, max-video-preview:-1\" \/>\n<link rel=\"canonical\" href=\"https:\/\/www.fredericdion.com\/en\/who-is-fred-dion\/spokesperson\/\" \/>\n<meta property=\"og:locale\" content=\"en_US\" \/>\n<meta property=\"og:type\" content=\"article\" \/>\n<meta property=\"og:title\" content=\"Spokesperson - Fr\u00e9d\u00e9ric Dion, Adventures &amp; Conferences\" \/>\n<meta property=\"og:description\" content=\"Over the past several years, Fr\u00e9d\u00e9ric has been supporting Op\u00e9ration Enfant Soleil through his adventures. From July 22 to August 5, 2017, he was the\" \/>\n<meta property=\"og:url\" content=\"https:\/\/www.fredericdion.com\/en\/who-is-fred-dion\/spokesperson\/\" \/>\n<meta property=\"og:site_name\" content=\"Fr\u00e9d\u00e9ric Dion\" \/>\n<meta property=\"article:modified_time\" content=\"2017-09-27T13:55:25+00:00\" \/>\n<meta property=\"og:image\" content=\"https:\/\/www.fredericdion.com\/wp-content\/uploads\/2017\/03\/logo_operation_enfant_soleil.png\" \/>\n<meta name=\"twitter:card\" content=\"summary_large_image\" \/>\n<meta name=\"twitter:label1\" content=\"Est. reading time\" \/>\n\t<meta name=\"twitter:data1\" content=\"1 minute\" \/>\n<script type=\"application\/ld+json\" class=\"yoast-schema-graph\">{\"@context\":\"https:\\\/\\\/schema.org\",\"@graph\":[{\"@type\":\"WebPage\",\"@id\":\"https:\\\/\\\/www.fredericdion.com\\\/en\\\/who-is-fred-dion\\\/spokesperson\\\/\",\"url\":\"https:\\\/\\\/www.fredericdion.com\\\/en\\\/who-is-fred-dion\\\/spokesperson\\\/\",\"name\":\"Spokesperson - Fr\u00e9d\u00e9ric Dion, Adventures & Conferences\",\"isPartOf\":{\"@id\":\"https:\\\/\\\/www.fredericdion.com\\\/#website\"},\"datePublished\":\"2017-03-16T21:50:32+00:00\",\"dateModified\":\"2017-09-27T13:55:25+00:00\",\"description\":\"Over the past several years, Fr\u00e9d\u00e9ric has been supporting Op\u00e9ration Enfant Soleil through his adventures. From July 22 to August 5, 2017, he was the\",\"breadcrumb\":{\"@id\":\"https:\\\/\\\/www.fredericdion.com\\\/en\\\/who-is-fred-dion\\\/spokesperson\\\/#breadcrumb\"},\"inLanguage\":\"en-US\",\"potentialAction\":[{\"@type\":\"ReadAction\",\"target\":[\"https:\\\/\\\/www.fredericdion.com\\\/en\\\/who-is-fred-dion\\\/spokesperson\\\/\"]}]},{\"@type\":\"BreadcrumbList\",\"@id\":\"https:\\\/\\\/www.fredericdion.com\\\/en\\\/who-is-fred-dion\\\/spokesperson\\\/#breadcrumb\",\"itemListElement\":[{\"@type\":\"ListItem\",\"position\":1,\"name\":\"\",\"item\":\"https:\\\/\\\/www.fredericdion.com\\\/en\\\/\"},{\"@type\":\"ListItem\",\"position\":2,\"name\":\"Who is Fr\u00e9d\u00e9ric Dion?\",\"item\":\"https:\\\/\\\/www.fredericdion.com\\\/en\\\/who-is-fred-dion\\\/\"},{\"@type\":\"ListItem\",\"position\":3,\"name\":\"Spokesperson\"}]},{\"@type\":\"WebSite\",\"@id\":\"https:\\\/\\\/www.fredericdion.com\\\/#website\",\"url\":\"https:\\\/\\\/www.fredericdion.com\\\/\",\"name\":\"Fr\u00e9d\u00e9ric Dion\",\"description\":\"Aventurier et conf\u00e9rencier : Plein air et aventure\",\"potentialAction\":[{\"@type\":\"SearchAction\",\"target\":{\"@type\":\"EntryPoint\",\"urlTemplate\":\"https:\\\/\\\/www.fredericdion.com\\\/?s={search_term_string}\"},\"query-input\":{\"@type\":\"PropertyValueSpecification\",\"valueRequired\":true,\"valueName\":\"search_term_string\"}}],\"inLanguage\":\"en-US\"}]}<\/script>\n<!-- \/ Yoast SEO plugin. -->","yoast_head_json":{"title":"Spokesperson - Fr\u00e9d\u00e9ric Dion, Adventures & Conferences","description":"Over the past several years, Fr\u00e9d\u00e9ric has been supporting Op\u00e9ration Enfant Soleil through his adventures. From July 22 to August 5, 2017, he was the","robots":{"index":"index","follow":"follow","max-snippet":"max-snippet:-1","max-image-preview":"max-image-preview:large","max-video-preview":"max-video-preview:-1"},"canonical":"https:\/\/www.fredericdion.com\/en\/who-is-fred-dion\/spokesperson\/","og_locale":"en_US","og_type":"article","og_title":"Spokesperson - Fr\u00e9d\u00e9ric Dion, Adventures & Conferences","og_description":"Over the past several years, Fr\u00e9d\u00e9ric has been supporting Op\u00e9ration Enfant Soleil through his adventures. From July 22 to August 5, 2017, he was the","og_url":"https:\/\/www.fredericdion.com\/en\/who-is-fred-dion\/spokesperson\/","og_site_name":"Fr\u00e9d\u00e9ric Dion","article_modified_time":"2017-09-27T13:55:25+00:00","og_image":[{"url":"https:\/\/www.fredericdion.com\/wp-content\/uploads\/2017\/03\/logo_operation_enfant_soleil.png","type":"","width":"","height":""}],"twitter_card":"summary_large_image","twitter_misc":{"Est. reading time":"1 minute"},"schema":{"@context":"https:\/\/schema.org","@graph":[{"@type":"WebPage","@id":"https:\/\/www.fredericdion.com\/en\/who-is-fred-dion\/spokesperson\/","url":"https:\/\/www.fredericdion.com\/en\/who-is-fred-dion\/spokesperson\/","name":"Spokesperson - Fr\u00e9d\u00e9ric Dion, Adventures & Conferences","isPartOf":{"@id":"https:\/\/www.fredericdion.com\/#website"},"datePublished":"2017-03-16T21:50:32+00:00","dateModified":"2017-09-27T13:55:25+00:00","description":"Over the past several years, Fr\u00e9d\u00e9ric has been supporting Op\u00e9ration Enfant Soleil through his adventures. From July 22 to August 5, 2017, he was the","breadcrumb":{"@id":"https:\/\/www.fredericdion.com\/en\/who-is-fred-dion\/spokesperson\/#breadcrumb"},"inLanguage":"en-US","potentialAction":[{"@type":"ReadAction","target":["https:\/\/www.fredericdion.com\/en\/who-is-fred-dion\/spokesperson\/"]}]},{"@type":"BreadcrumbList","@id":"https:\/\/www.fredericdion.com\/en\/who-is-fred-dion\/spokesperson\/#breadcrumb","itemListElement":[{"@type":"ListItem","position":1,"name":"","item":"https:\/\/www.fredericdion.com\/en\/"},{"@type":"ListItem","position":2,"name":"Who is Fr\u00e9d\u00e9ric Dion?","item":"https:\/\/www.fredericdion.com\/en\/who-is-fred-dion\/"},{"@type":"ListItem","position":3,"name":"Spokesperson"}]},{"@type":"WebSite","@id":"https:\/\/www.fredericdion.com\/#website","url":"https:\/\/www.fredericdion.com\/","name":"Fr\u00e9d\u00e9ric Dion","description":"Aventurier et conf\u00e9rencier : Plein air et aventure","potentialAction":[{"@type":"SearchAction","target":{"@type":"EntryPoint","urlTemplate":"https:\/\/www.fredericdion.com\/?s={search_term_string}"},"query-input":{"@type":"PropertyValueSpecification","valueRequired":true,"valueName":"search_term_string"}}],"inLanguage":"en-US"}]}},"_links":{"self":[{"href":"https:\/\/www.fredericdion.com\/en\/wp-json\/wp\/v2\/pages\/1903","targetHints":{"allow":["GET"]}}],"collection":[{"href":"https:\/\/www.fredericdion.com\/en\/wp-json\/wp\/v2\/pages"}],"about":[{"href":"https:\/\/www.fredericdion.com\/en\/wp-json\/wp\/v2\/types\/page"}],"author":[{"embeddable":true,"href":"https:\/\/www.fredericdion.com\/en\/wp-json\/wp\/v2\/users\/1"}],"replies":[{"embeddable":true,"href":"https:\/\/www.fredericdion.com\/en\/wp-json\/wp\/v2\/comments?post=1903"}],"version-history":[{"count":5,"href":"https:\/\/www.fredericdion.com\/en\/wp-json\/wp\/v2\/pages\/1903\/revisions"}],"predecessor-version":[{"id":2002,"href":"https:\/\/www.fredericdion.com\/en\/wp-json\/wp\/v2\/pages\/1903\/revisions\/2002"}],"up":[{"embeddable":true,"href":"https:\/\/www.fredericdion.com\/en\/wp-json\/wp\/v2\/pages\/1973"}],"wp:attachment":[{"href":"https:\/\/www.fredericdion.com\/en\/wp-json\/wp\/v2\/media?parent=1903"}],"curies":[{"name":"wp","href":"https:\/\/api.w.org\/{rel}","templated":true}]}}

<p><img loading="lazy" decoding="async" class="alignnone size-full wp-image-1871" src="/wp-content/uploads/2017/03/logo_operation_enfant_soleil.png" alt="" width="175" height="110" /></p>
<p>Over the past several years, Frédéric has been supporting <a href="http://www.operationenfantsoleil.ca/en/1-home" target="_blank" rel="noopener">Opération Enfant Soleil</a> through his adventures. From July 22 to August 5, 2017, he was the spokesperson for <a href="http://operationgroenland.com/" target="_blank" rel="noopener">Operation Greenland</a>. This first charity trip organised by Opération Enfant Soleil stemmed from an initiative as part of its 30th telethon, in collaboration with Karavaniers. This out of the ordinary expedition combined adventure and philanthropy, where the travellers kayaked through the Karale glaciers to the granite peaks of Storebror, where they then explored on foot. The original objective for this fundraiser was surpassed, in the end raising more than $103,000 thanks to committed participants, generous partners as well as donors. The registration for the 2nd edition, which will take place in 2019, are currently underway. To reserve your spot or for more information, contact Andreas Lazanis at <a href="mailto:alazanis@operationenfantsoleil.ca">alazanis@operationenfantsoleil.ca</a> or 1-877-683-2325.</p>
<p><img loading="lazy" decoding="async" class="alignnone size-medium wp-image-1881" src="/wp-content/uploads/2017/03/Photo-Équipe-Groenland-300x200.jpg" alt="" width="300" height="200" srcset="https://www.fredericdion.com/wp-content/uploads/2017/03/Photo-Équipe-Groenland-300x200.jpg 300w, https://www.fredericdion.com/wp-content/uploads/2017/03/Photo-Équipe-Groenland-600x400.jpg 600w, https://www.fredericdion.com/wp-content/uploads/2017/03/Photo-Équipe-Groenland-768x512.jpg 768w, https://www.fredericdion.com/wp-content/uploads/2017/03/Photo-Équipe-Groenland-780x520.jpg 780w, https://www.fredericdion.com/wp-content/uploads/2017/03/Photo-Équipe-Groenland-400x267.jpg 400w, https://www.fredericdion.com/wp-content/uploads/2017/03/Photo-Équipe-Groenland-340x227.jpg 340w, https://www.fredericdion.com/wp-content/uploads/2017/03/Photo-Équipe-Groenland-200x133.jpg 200w, https://www.fredericdion.com/wp-content/uploads/2017/03/Photo-Équipe-Groenland-360x240.jpg 360w, https://www.fredericdion.com/wp-content/uploads/2017/03/Photo-Équipe-Groenland.jpg 960w" sizes="auto, (max-width: 300px) 100vw, 300px" /></p>
<p>Photo Credit: Vanessa Drolet</p>
<p><img loading="lazy" decoding="async" class="size-medium wp-image-1882" src="/wp-content/uploads/2017/03/Frédéric-Dion-Groenland-2017-300x169.jpg" alt="" width="300" height="169" srcset="https://www.fredericdion.com/wp-content/uploads/2017/03/Frédéric-Dion-Groenland-2017-300x169.jpg 300w, https://www.fredericdion.com/wp-content/uploads/2017/03/Frédéric-Dion-Groenland-2017-600x338.jpg 600w, https://www.fredericdion.com/wp-content/uploads/2017/03/Frédéric-Dion-Groenland-2017-768x432.jpg 768w, https://www.fredericdion.com/wp-content/uploads/2017/03/Frédéric-Dion-Groenland-2017-1024x576.jpg 1024w, https://www.fredericdion.com/wp-content/uploads/2017/03/Frédéric-Dion-Groenland-2017-780x439.jpg 780w, https://www.fredericdion.com/wp-content/uploads/2017/03/Frédéric-Dion-Groenland-2017-400x225.jpg 400w, https://www.fredericdion.com/wp-content/uploads/2017/03/Frédéric-Dion-Groenland-2017-340x191.jpg 340w, https://www.fredericdion.com/wp-content/uploads/2017/03/Frédéric-Dion-Groenland-2017-200x113.jpg 200w, https://www.fredericdion.com/wp-content/uploads/2017/03/Frédéric-Dion-Groenland-2017-360x203.jpg 360w" sizes="auto, (max-width: 300px) 100vw, 300px" /></p>
<p><a href="http://scoutsducanada.ca/" target="_blank" rel="noopener"><img loading="lazy" decoding="async" class="alignnone size-full wp-image-1410" src="/wp-content/uploads/2017/03/scouts.jpg" alt="Scouts Canada" width="250" height="79" /></a></p>
<p>Frédéric is the ambassador for <a href="http://scoutsducanada.ca/" target="_blank" rel="noopener">Scouts Canada</a>.</p>
<p>&nbsp;</p>

<p>Over the past several years, Frédéric has been supporting Opération Enfant Soleil through his adventures. From July 22 to August 5, 2017, he was the&#8230; </p>
<div><a href="https://www.fredericdion.com/en/who-is-fred-dion/spokesperson/" class="btn btn-default"><span class="btn-default__hover">More</span></a></div>

<!-- This site is optimized with the Yoast SEO plugin v27.5 - https://yoast.com/product/yoast-seo-wordpress/ -->
<title>Spokesperson - Frédéric Dion, Adventures &amp; Conferences</title>
<meta name="description" content="Over the past several years, Frédéric has been supporting Opération Enfant Soleil through his adventures. From July 22 to August 5, 2017, he was the" />
<meta name="robots" content="index, follow, max-snippet:-1, max-image-preview:large, max-video-preview:-1" />
<link rel="canonical" href="https://www.fredericdion.com/en/who-is-fred-dion/spokesperson/" />
<meta property="og:locale" content="en_US" />
<meta property="og:type" content="article" />
<meta property="og:title" content="Spokesperson - Frédéric Dion, Adventures &amp; Conferences" />
<meta property="og:description" content="Over the past several years, Frédéric has been supporting Opération Enfant Soleil through his adventures. From July 22 to August 5, 2017, he was the" />
<meta property="og:url" content="https://www.fredericdion.com/en/who-is-fred-dion/spokesperson/" />
<meta property="og:site_name" content="Frédéric Dion" />
<meta property="article:modified_time" content="2017-09-27T13:55:25+00:00" />
<meta property="og:image" content="https://www.fredericdion.com/wp-content/uploads/2017/03/logo_operation_enfant_soleil.png" />
<meta name="twitter:card" content="summary_large_image" />
<meta name="twitter:label1" content="Est. reading time" />
	<meta name="twitter:data1" content="1 minute" />
<script type="application/ld+json" class="yoast-schema-graph">{"@context":"https:\/\/schema.org","@graph":[{"@type":"WebPage","@id":"https:\/\/www.fredericdion.com\/en\/who-is-fred-dion\/spokesperson\/","url":"https:\/\/www.fredericdion.com\/en\/who-is-fred-dion\/spokesperson\/","name":"Spokesperson - Frédéric Dion, Adventures & Conferences","isPartOf":{"@id":"https:\/\/www.fredericdion.com\/#website"},"datePublished":"2017-03-16T21:50:32+00:00","dateModified":"2017-09-27T13:55:25+00:00","description":"Over the past several years, Frédéric has been supporting Opération Enfant Soleil through his adventures. From July 22 to August 5, 2017, he was the","breadcrumb":{"@id":"https:\/\/www.fredericdion.com\/en\/who-is-fred-dion\/spokesperson\/#breadcrumb"},"inLanguage":"en-US","potentialAction":[{"@type":"ReadAction","target":["https:\/\/www.fredericdion.com\/en\/who-is-fred-dion\/spokesperson\/"]}]},{"@type":"BreadcrumbList","@id":"https:\/\/www.fredericdion.com\/en\/who-is-fred-dion\/spokesperson\/#breadcrumb","itemListElement":[{"@type":"ListItem","position":1,"name":"","item":"https:\/\/www.fredericdion.com\/en\/"},{"@type":"ListItem","position":2,"name":"Who is Frédéric Dion?","item":"https:\/\/www.fredericdion.com\/en\/who-is-fred-dion\/"},{"@type":"ListItem","position":3,"name":"Spokesperson"}]},{"@type":"WebSite","@id":"https:\/\/www.fredericdion.com\/#website","url":"https:\/\/www.fredericdion.com\/","name":"Frédéric Dion","description":"Aventurier et conférencier : Plein air et aventure","potentialAction":[{"@type":"SearchAction","target":{"@type":"EntryPoint","urlTemplate":"https:\/\/www.fredericdion.com\/?s={search_term_string}"},"query-input":{"@type":"PropertyValueSpecification","valueRequired":true,"valueName":"search_term_string"}}],"inLanguage":"en-US"}]}</script>
<!-- / Yoast SEO plugin. -->

Spokesperson - Frédéric Dion, Adventures & Conferences

Over the past several years, Frédéric has been supporting Opération Enfant Soleil through his adventures. From July 22 to August 5, 2017, he was the

Frédéric Dion

Who is Frédéric Dion?

Aventurier et conférencier : Plein air et aventure
